base 9
2103
What is 13101 (base 5) in base 14?
534
Convert -1512 (base 6) to base 7.
-1115
Convert -51 (base 16) to base 2.
-1010001
Convert 1468 (base 9) to base 7.
3152
What is -160 (base 14) in base 9?
-341
What is 33 (base 4) in base 11?
14
Convert -256a (base 16) to base 2.
-10010101101010
What is -3221 (base 4) in base 16?
-e9
112202010 (base 3) to base 7
43224
What is 175 (base 15) in base 13?
1ca
What is 190 (base 16) in base 3?
112211
Convert -32a (base 11) to base 3.
-112122
-12690 (base 10) to base 14
-48a6
-44355 (base 8) to base 15
-57e9
-24784 (base 10) to base 4
-12003100
What is -1604 (base 7) in base 8?
-1201
What is -9ac8 (base 13) in base 3?
-1002200000
122000011 (base 3) to base 11
9350
10101111000 (base 2) to base 15
635
What is 201 (base 6) in base 14?
53
124334 (base 5) to base 7
20326
Convert 2064 (base 10) to base 2.
100000010000
What is 1000110110011 (base 2) in base 5?
121111
-4454 (base 7) to base 10
-1607
What is 27243 (base 8) in base 12?
6aab
What is -81ce (base 15) in base 3?
-1101121112
What is -3002 (base 10) in base 15?
-d52
Convert 22300 (base 6) to base 15.
ddc
What is -67636 (base 9) in base 10?
-44988
Convert 27387 (base 10) to base 15.
81ac
Convert -1000111101 (base 2) to base 8.
-1075
Convert -11553 (base 7) to base 4.
-233103
Convert -1235 (base 9) to base 16.
-39b
Convert -917 (base 11) to base 13.
-672
What is 11101000 (base 2) in base 16?
e8
Convert 150101 (base 6) to base 2.
11011111010101
Convert -100000001001110 (base 2) to base 9.
-24521
What is 997 (base 14) in base 4?
131221
-121002000 (base 3) to base 10
-11718
What is 13131 (base 5) in base 2?
10000010001
Convert -27034 (base 9) to base 11.
-12797
6c (base 16) to base 2
1101100
What is 101020 (base 3) in base 2?
100010100
Convert -6725 (base 15) to base 4.
-11111210
Convert -338 (base 15) to base 3.
-222222
Convert -c54a (base 13) to base 4.
-12222013
What is -52146 (base 7) in base 3?
-122112010
What is 6f1 (base 16) in base 2?
11011110001
What is 482 (base 14) in base 3?
1020021
-40021 (base 5) to base 11
-1983
3496 (base 14) to base 11
6967
Convert 2608 (base 14) to base 3.
100011010
Convert -b47c (base 16) to base 10.
-46204
-1212202 (base 3) to base 11
-1036
Convert -1232 (base 10) to base 15.
-572
57d (base 14) to base 12
76b
What is da4 (base 14) in base 9?
3621
Convert 1000111011000111 (base 2) to base 12.
1919b
Convert -521 (base 12) to base 4.
-23221
What is -314 (base 5) in base 7?
-150
Convert 111000000 (base 2) to base 14.
240
What is 2342 (base 9) in base 16?
6cb
Convert 17165 (base 8) to base 6.
100033
What is 1110101011 (base 2) in base 8?
1653
Convert 83e2 (base 15) to base 12.
1417b
Convert -2002134 (base 5) to base 16.
-7b38
Convert 239 (base 11) to base 10.
284
What is -95b (base 16) in base 6?
-15031
-25617 (base 8) to base 13
-50ca
Convert -35211 (base 7) to base 13.
-4152
1002421 (base 5) to base 2
11111001110010
Convert -153 (base 13) to base 8.
-355
-112201 (base 3) to base 6
-1501
23605 (base 7) to base 4
1133302
Convert -4ae (base 15) to base 16.
-428
Convert 6 (base 14) to base 11.
6
Convert -4373 (base 10) to base 4.
-1010111
What is -1097 (base 10) in base 13?
-665
Convert b0b (base 16) to base 8.
5413
Convert 2a53 (base 15) to base 2.
10001101110110
Convert 60764 (base 10) to base 4.
32311130
-4ad (base 16) to base 15
-54c
-1ba (base 13) to base 9
-387
Convert -277 (base 12) to base 9.
-461
Convert 240 (base 11) to base 4.
10132
What is -1154 (base 8) in base 5?
-4440
What is 1302 (base 13) in base 2?
101010010010
-5525 (base 7) to base 11
-153a
Convert 153115 (base 7) to base 13.
107c2
What is -210120 (base 3) in base 8?
-1106
Convert b0ba (base 13) to base 8.
57400
What is 11111001100000 (base 2) in base 5?
1002333
Convert -10101112 (base 3) to base 16.
-9a7
Convert 1311 (base 5) to base 16.
ce
772 (base 9) to base 12
448
4104 (base 6) to base 15
404
-141660 (base 7) to base 8
-64722
Convert 55302 (base 6) to base 16.
1df6
Convert 11011010 (base 2) to base 7.
431
Convert -714 (base 10) to base 16.
-2ca
5534 (base 15) to base 6
215321
What is -1000010001 (base 2) in base 11?
-441
What is 2641 (base 8) in base 14?
74d
What is -10101111110001 (base 2) in base 13?
-5174
175a (base 13) to base 15
1055
What is -23447 (base 8) in base 12?
-5973
Convert -50302 (base 10) to base 4.
-30101332
Convert 5754 (base 8) to base 16.
bec
-2d5 (base 14) to base 16
-243
What is -5a4 (base 16) in base 14?
-752
Convert -220 (base 5) to base 15.
-40
Convert -111013 (base 4) to base 2.
-10101000111
414 (base 6) to base 9
181
What is 21a2 (base 13) in base 7?
16455
What is 10663 (base 10) in base 7?
43042
What is -113105 (base 6) in base 13?
-459b
42291 (base 10) to base 2
1010010100110011
-5421 (base 6) to base 16
-4d5
What is -21233 (base 4) in base 3?
-212002
-4b24 (base 13) to base 14
-3c69
What is -18aa (base 16) in base 7?
-24260
Convert 123441 (base 5) to base 13.
22a9
-796 (base 14) to base 10
-1504
-112a (base 11) to base 8
-2714
112220211 (base 3) to base 12
6364
Convert -2112112 (base 3) to base 15.
-835
Convert -1330021 (base 4) to base 10.
-7945
Convert -2022024 (base 5) to base 4.
-13333330
Convert 2255 (base 8) to base 9.
1570
Convert 2044 (base 8) to base 7.
3043
111110100 (base 2) to base 8
764
-175653 (base 8) to base 11
-44450
6266 (base 7) to base 6
14112
What is 2873 (base 9) in base 11?
16a5
2032 (base 4) to base 16
8e
-17697 (base 14) to base 15
-126dd
35121 (base 7) to base 12
5246
Convert a868 (base 13) to base 15.
6e08
Convert -2242 (base 6) to base 16.
-212
What is 11424 (base 13) in base 7?
160506
Convert -3a4 (base 14) to base 16.
-2dc
Convert 123322 (base 4) to base 13.
a75
What is c85 (base 14) in base 2?
100110100101
Convert 12210033 (base 4) to base 12.
13693
What is 38b (base 13) in base 10?
622
What is 5166 (base 8) in base 9?
3605
-1111111001 (base 2) to base 5
-13032
Convert -ca (base 13) to base 14.
-bc
Convert -1312 (base 8) to base 12.
-4b6
-412 (base 14) to base 11
-668
What is -12120121 (base 3) in base 11?
-3067
Convert 9cc (base 14) to base 2.
11110011000
Convert 200202 (base 4) to base 2.
100000100010
Convert 22000 (base 5) to base 4.
113130
What is -4551 (base 6) in base 7?
-3064
What is 2001222 (base 4) in base 6?
102230
Convert -1dd (base 16) to base 15.
-21c
What is -1403510 (base 6) in base 15?
-18449
224 (base 12) to base 6
1244
3cf (base 16) to base 14
4d9
What is -2a9 (base 15) in base 7?
-1530
What is 12141 (base 7) in base 16?
c5d
What is 334 (base 13) in base 10?
550
Convert 14 (base 11) to base 5.
30
1759 (base 11) to base 4
203002
Convert -45b (base 15) to base 10.
-986
What is 2143 (base 9) in base 7?
4413
What is -1011110 (base 2) in base 10?
-94
What is 11a38 (base 12) in base 7?
126551
110101010 (base 2) to base 10
426
Convert -1ba (base 16) to base 12.
-30a
Convert -3131430 (base 5) to base 12.
-261ab
Convert -3401 (base 8) to base 10.
-1793
Convert -2745 (base 9) to base 13.
-c2c
What is -20210111 (base 3) in base 13?
-2341
-541 (base 6) to base 13
-12a
Convert -110110110100 (base 2) to base 12.
-2044
What is 1270 (base 15) in base 6?
30110
What is -46 (base 9) in base 4?
-222
Convert -12a98 (base 11) to base 9.
-27478
-144 (base 6) to base 14
-48
Convert -126713 (base 8) to base 4.
-22313023
-56020 (base 7) to base 9
-21271
-1130 (base 11) to base 4
-113031
Convert -982d (base 15) to base 7.
-162634
What is 50355 (base 6) in base 16?
19df
What is 248 (base 11) in base 8?
446
What is -3414 (base 6) in base 5?
-11202
Convert -6776 (base 10) to base 14.
-2680
-4314 (base 5) to base 8
-1110
Convert -5194 (base 12) to base 10.
-8896
53730 (base 8) to base 12
11020
What is 12c6 (base 15) in base 4?
332223
4bc (base 15) to base 4
100311
Convert -7248 (base 10) to base 14.
-28da
-1232 (base 6) to base 4
-10310
What is -1010 (base 7) in base 2?
-101011110
Convert 103403 (base 5) to base 7.
13335
What is -221101 (base 3) in base 16?
-2ad
40663 (base 7) to base 6
114011
Convert 544320 (base 6) to base 2.
1010111111111000
-110043 (base 5) to base 12
-2225
Convert 110222 (base 3) to base 16.
15e
2430 (base 5) to base 13
221
-28822 (base 10) to base 12
-1481a
-35044 (base 6) to base 10
-4996
Convert -1fa (base 16) to base 3.
-200202
What is -4430 (base 7) in base 6?
-11205
What 